NOAA-Style Climate Reports

Select a Year or Month report
2017: Jan Feb Mar Apr May Jun Jul Aug Sep Oct Nov Dec
2016: Jan Feb Mar Apr May Jun Jul Aug Sep Oct Nov Dec
2015: Jan Feb Mar Apr May Jun Jul Aug Sep Oct Nov Dec
2014: Jan Feb Mar Apr May Jun Jul Aug Sep Oct Nov Dec
2013: Jan Feb Mar Apr May Jun Jul Aug Sep Oct Nov Dec

Report for 2017 August
                   Monthly Climatological Summary for Aug 2017

Name: AU402   City: Bluefield   State: VA
Elevation: 2464 ft  Lat: N 37° 14' 30"   Lon: W 081° 16' 39"

                  Temperature (°F), Rain (in), Wind Speed (mph)

                                      Heat  Cool        Avg
    Mean                              Deg   Deg         Wind                 Dom
Day Temp  High   Time   Low    Time   Days  Days  Rain  Speed High   Time    Dir
----------------------------------------------------------------------------------
 1  67.1  80.0   3:58p  59.1   4:03a   0.0  48.8  0.12   0.3   8.0   6:08p   WNW
 2  69.8  81.7   6:41p  60.7   7:17a   0.0  51.5  0.00   0.4   9.0  12:04p   WNW
 3  69.1  83.5   5:28p  55.4   7:07a   0.0  50.8  0.00   0.3   8.0   3:57p     W
 4  68.2  84.3   3:07p  57.4   7:17a   0.0  49.9  0.02   0.9  13.0   2:08p     W
 5  65.3  74.2   5:20p  55.4  11:57p   0.0  47.0  0.00   1.7  13.0   9:07a   WNW
 6  64.4  81.0   2:50p  48.7   5:11a   0.0  46.1  0.00   0.7  16.0  11:29a     W
 7  69.4  75.6  11:25a  64.8   5:52a   0.0  51.1  1.47   0.8  11.0  11:23a   WNW
 8  66.4  75.4   5:31p  56.8  11:55p   0.0  48.1  0.03   0.7  10.0  12:38p     W
 9  64.9  78.1   6:21p  51.9   7:07a   0.0  46.6  0.00   1.1  10.0  12:23p   ENE
10  68.2  72.2  11:30a  64.0   7:28a   0.0  49.9  0.00   2.0  18.0   1:14a   WNW
11  70.0  77.0  11:51a  65.7   5:07a   0.0  51.7  0.11   0.1   7.0  11:27a   WNW
12  70.3  78.0   1:32p  64.5   4:37a   0.0  52.0  0.02   0.2   7.0  10:55a   WNW
13  72.2  83.3   5:13p  65.5   7:00a   0.0  53.9  0.00   0.5   8.0   2:06p   WNW
14  73.2  81.8   5:39p  67.7  12:00a   0.0  54.9  0.00   0.8  12.0   1:56a    NW
15  71.7  80.6   6:07p  67.1  11:56p   0.0  53.4  0.34   0.5  10.0   3:15p   WNW
16  72.3  85.5   3:01p  64.7   7:15a   0.0  54.0  0.00   0.5   8.0   1:12p   WNW
17  74.8  87.2   5:46p  64.7   6:47a   0.0  56.5  0.00   0.9  14.0   3:24p     W
----------------------------------------------------------------------------------
    69.3  87.2    17    48.7     6     0.0 866.2  2.11   0.7  18.0    10     WNW

Max >=  27.0: 17
Max <=   0.0:  0
Min <=   0.0:  0
Min <= -18.0:  0
Max Rain: 1.47 on day 7
Days of Rain: 2 (>= 0.20 in)  0 (>= 2.00 in)  0 (>= 20.00 in)
Heat Base: 18.3  Cool Base: 18.3  Method: Integration