NOAA-Style Climate Reports

Select a Year or Month report
2017: Jan Feb Mar Apr May Jun Jul Aug Sep Oct Nov Dec
2016: Jan Feb Mar Apr May Jun Jul Aug Sep Oct Nov Dec
2015: Jan Feb Mar Apr May Jun Jul Aug Sep Oct Nov Dec
2014: Jan Feb Mar Apr May Jun Jul Aug Sep Oct Nov Dec
2013: Jan Feb Mar Apr May Jun Jul Aug Sep Oct Nov Dec

Report for 2017 October
                   Monthly Climatological Summary for Oct 2017

Name: AU402   City: Bluefield   State: VA
Elevation: 2464 ft  Lat: N 37° 14' 30"   Lon: W 081° 16' 39"

                  Temperature (°F), Rain (in), Wind Speed (mph)

                                      Heat  Cool        Avg
    Mean                              Deg   Deg         Wind                 Dom
Day Temp  High   Time   Low    Time   Days  Days  Rain  Speed High   Time    Dir
----------------------------------------------------------------------------------
 1  53.0  68.4   4:52p  39.1   1:40a   0.0  34.7  0.00   1.7  12.0  12:11p     E
 2  59.1  73.0   4:04p  44.0   7:59a   0.0  40.8  0.00   1.7  12.0  12:20a     E
 3  62.0  77.4   3:50p  50.1   6:57a   0.0  43.7  0.00   1.5  12.0   9:46a   ESE
 4  62.1  83.4   4:16p  44.3   8:07a   0.0  43.8  0.00   0.8  10.0  12:37a     W
 5  59.8  83.4   4:07p  42.7   7:56a   0.0  41.5  0.00   0.5   9.0   2:11p     W
 6  62.2  85.2   4:02p  44.5   7:03a   0.0  44.0  0.00   0.7  14.0  10:49p     W
 7  68.0  81.3   3:16p  54.2   5:21a   0.0  49.7  0.00   1.8  14.0   3:52p   WNW
 8  69.5  73.8   2:15p  65.2   7:46a   0.0  51.2  1.10   1.5  25.0   8:47p     E
 9  72.0  82.4   3:51p  64.1  11:55p   0.0  53.7  0.46   1.4  17.0  12:36a   WNW
10  69.1  82.7   4:28p  61.4   7:39a   0.0  50.9  0.02   0.3   7.0   3:47p   WNW
11  69.4  82.5   4:26p  61.1   5:52a   0.0  51.1  0.00   1.0  14.0  11:54a     W
12  65.4  75.0   4:03p  57.5   7:06a   0.0  47.1  0.00   1.8  16.0   5:52p     E
13  63.2  70.4   1:56p  57.3  11:59p   0.0  44.9  0.00   2.2  20.0   2:23p     E
14  62.0  79.3   3:33p  50.8   4:42a   0.0  43.7  0.01   0.5   9.0  12:39p     W
15  63.9  77.5   4:23p  48.7   7:48a   0.0  45.6  0.20   1.8  18.0  11:41a     W
16  48.8  61.8  12:00a  36.5  11:57p   0.0  30.5  0.16   2.1  17.0   4:30p     W
17  44.1  65.0   5:26p  29.7   8:06a   0.0  25.8  0.01   0.6  10.0  11:44a     W
18  48.6  71.6   4:02p  30.9   7:57a   0.0  30.3  0.00   0.6  11.0  11:58a   SSE
19  50.4  73.3   4:23p  33.0   8:09a   0.0  32.1  0.00   0.8  11.0  12:57p     W
20  51.3  73.8   3:30p  35.0   8:12a   0.0  33.0  0.00   0.6   9.0   1:42p     W
21  57.6  77.5   3:20p  41.3   7:18a   0.0  39.4  0.00   0.7  12.0  11:24p     W
22  62.4  73.3   4:16p  49.0   7:43a   0.0  44.1  0.00   2.1  18.0  12:08a   NNW
----------------------------------------------------------------------------------
    60.2  85.2     6    29.7    17     0.0 921.6  1.96   1.2  25.0     8      NW

Max >=  27.0: 22
Max <=   0.0:  0
Min <=   0.0:  0
Min <= -18.0:  0
Max Rain: 1.10 on day 8
Days of Rain: 3 (>= 0.20 in)  0 (>= 2.00 in)  0 (>= 20.00 in)
Heat Base: 18.3  Cool Base: 18.3  Method: Integration