NOAA-Style Climate Reports

Select a Year or Month report
2017: Jan Feb Mar Apr May Jun Jul Aug Sep Oct Nov Dec
2016: Jan Feb Mar Apr May Jun Jul Aug Sep Oct Nov Dec
2015: Jan Feb Mar Apr May Jun Jul Aug Sep Oct Nov Dec
2014: Jan Feb Mar Apr May Jun Jul Aug Sep Oct Nov Dec
2013: Jan Feb Mar Apr May Jun Jul Aug Sep Oct Nov Dec

Report for 2017 December
                   Monthly Climatological Summary for Dec 2017

Name: AU402   City: Bluefield   State: VA
Elevation: 2464 ft  Lat: N 37° 14' 30"   Lon: W 081° 16' 39"

                  Temperature (°F), Rain (in), Wind Speed (mph)

                                      Heat  Cool        Avg
    Mean                              Deg   Deg         Wind                 Dom
Day Temp  High   Time   Low    Time   Days  Days  Rain  Speed High   Time    Dir
----------------------------------------------------------------------------------
 1  44.4  57.8   3:17p  32.2   9:52p   0.0  26.1  0.00   0.7  11.0  12:31a   WNW
 2  46.3  60.4   2:48p  35.7   4:35a   0.0  28.0  0.00   1.1  14.0   1:44a     W
 3  39.6  55.8   2:32p  29.1  11:05p   0.0  21.3  0.00   0.8  12.0   1:46p   WNW
 4  43.6  57.1   2:40p  29.1  12:53a   0.0  25.3  0.01   2.0  19.0   8:33p   NNE
 5  51.2  60.7  10:39a  38.2  11:57p   0.0  32.9  0.29   2.3  25.0  10:56p     W
 6  33.7  38.2  12:00a  28.3   8:01a   0.0  15.4  0.00   2.0  14.0  12:46a     W
 7  34.7  42.2   2:33p  30.5   3:16a   0.0  16.4  0.00   1.9  16.0  12:36p     W
 8  29.4  31.6  12:00a  27.4   7:40a   0.0  11.1  0.00   0.9   9.0  12:08a   WNW
 9  30.6  37.9   1:57p  24.5  11:56p   0.0  12.3  0.00   2.1  17.0   7:08p     W
10  28.5  36.3   3:20p  23.8   1:28a   0.0  10.2  0.01   3.8  23.0  12:45a     W
11  38.5  50.4   3:55p  25.6   8:34a   0.0  20.2  0.00   2.4  14.0   1:34a     W
12  31.8  44.9   1:25a  18.0  11:36p   0.0  13.5  0.00   5.3  26.0   6:08p     W
13  26.8  41.3   7:16p  14.6   5:59a   0.9   9.4  0.03   4.6  26.0   8:57p     W
14  33.3  38.1  12:57a  23.3  11:46p   0.0  15.0  0.00   3.3  23.0   2:15a     W
15  26.3  30.6  10:34a  21.0   2:49a   0.0   8.0  0.00   2.6  19.0  10:09p     W
----------------------------------------------------------------------------------
    35.9  60.7     5    14.6    13     0.9 265.1  0.34   2.4  26.0    12       W

Max >=  27.0: 15
Max <=   0.0:  0
Min <=   0.0:  0
Min <= -18.0:  0
Max Rain: 0.29 on day 5
Days of Rain: 1 (>= 0.20 in)  0 (>= 2.00 in)  0 (>= 20.00 in)
Heat Base: 18.3  Cool Base: 18.3  Method: Integration