NOAA-Style Climate Reports

Select a Year or Month report
2017: Jan Feb Mar Apr May Jun Jul Aug Sep Oct Nov Dec
2016: Jan Feb Mar Apr May Jun Jul Aug Sep Oct Nov Dec
2015: Jan Feb Mar Apr May Jun Jul Aug Sep Oct Nov Dec
2014: Jan Feb Mar Apr May Jun Jul Aug Sep Oct Nov Dec
2013: Jan Feb Mar Apr May Jun Jul Aug Sep Oct Nov Dec

Report for 2017 June
                   Monthly Climatological Summary for Jun 2017

Name: AU402   City: Bluefield   State: VA
Elevation: 2464 ft  Lat: N 37° 14' 30"   Lon: W 081° 16' 39"

                  Temperature (°F), Rain (in), Wind Speed (mph)

                                      Heat  Cool        Avg
    Mean                              Deg   Deg         Wind                 Dom
Day Temp  High   Time   Low    Time   Days  Days  Rain  Speed High   Time    Dir
----------------------------------------------------------------------------------
 1  63.2  76.0   3:11p  50.3   7:06a   0.0  44.9  0.01   1.1  15.0  12:54p   WNW
 2  62.8  78.0   3:11p  48.1   6:42a   0.0  44.5  0.00   1.0  12.0  10:50a   WNW
 3  63.0  80.2   5:22p  45.0   6:35a   0.0  44.7  0.00   0.7  12.0  11:49a   WNW
 4  67.7  85.0   4:20p  48.3   6:23a   0.0  49.4  0.00   0.9  12.0   2:16p     W
 5  64.0  69.2  12:20a  58.5  11:49p   0.0  45.7  0.90   0.3  13.0   1:08p   ESE
 6  63.2  72.3   3:10p  51.9  11:57p   0.0  44.9  0.00   1.2  11.0   1:54p   WNW
 7  56.5  67.5   1:10p  43.6   7:04a   0.0  38.2  0.00   0.5   8.0  10:23a   WNW
 8  59.5  70.9   2:48p  53.6  12:08a   0.0  41.2  0.11   0.9   9.0  10:11a     E
 9  62.9  76.2   4:18p  51.0   5:42a   0.0  44.6  0.00   1.0  11.0  11:13a   WNW
10  65.0  82.6   5:00p  47.9   6:25a   0.0  46.7  0.00   0.9  14.0  10:42a   WNW
11  68.6  85.3   4:44p  52.7   6:40a   0.0  50.3  0.00   0.5   9.0  10:45a   WNW
12  69.9  84.9   3:47p  55.5   5:22a   0.0  51.6  0.00   0.5   9.0   4:44p   WNW
13  66.7  77.7  10:50a  60.8  11:59p   0.0  48.4  0.58   0.3  15.0  11:02a     W
14  69.3  84.4   3:53p  55.9   5:03a   0.0  51.0  0.00   0.8  13.0   8:05p   WNW
15  72.1  87.2   3:41p  58.3   6:37a   0.0  53.8  0.13   0.8  11.0   6:42p   WNW
16  68.0  78.5   4:56p  63.3   5:00a   0.0  49.7  1.57   0.2   8.0  10:33a   ESE
17  70.4  78.2   5:17p  64.1   6:41a   0.0  52.1  0.01   0.2   8.0   1:35p   ENE
18  72.3  86.8   3:27p  62.2   4:47a   0.0  54.0  0.09   1.3  14.0   2:18p     W
19  68.4  75.8  12:35p  62.0  11:59p   0.0  50.1  0.35   0.9  16.0   1:19p     W
20  68.2  78.2   4:57p  59.3   6:30a   0.0  49.9  0.00   0.9  12.0  11:48a   WNW
21  69.1  81.0   5:47p  56.4   6:36a   0.0  50.8  0.01   0.9  11.0   5:13p     W
22  67.9  79.7  12:55p  58.2   5:55a   0.0  49.6  0.04   0.5  10.0   3:27p     W
23  74.4  84.6   6:14p  66.6  12:00a   0.0  56.1  0.09   2.2  22.0   3:29p   WNW
----------------------------------------------------------------------------------
    66.7  87.2    15    43.6     7     0.01112.2  3.89   0.8  22.0    23     WNW

Max >=  27.0: 23
Max <=   0.0:  0
Min <=   0.0:  0
Min <= -18.0:  0
Max Rain: 1.57 on day 16
Days of Rain: 4 (>= 0.20 in)  0 (>= 2.00 in)  0 (>= 20.00 in)
Heat Base: 18.3  Cool Base: 18.3  Method: Integration